ist the prime factors of 35125098.
2, 3, 307, 19069
List the prime factors of 98911309.
7, 43, 347, 947
List the prime factors of 16304926.
2, 11, 19, 2053
List the prime factors of 1647007627.
1647007627
What are the prime factors of 686290344?
2, 3, 28595431
What are the prime factors of 4145226?
2, 3, 690871
List the prime factors of 20570186.
2, 7, 13, 113023
List the prime factors of 1293831265.
5, 1487, 174019
List the prime factors of 175249794.
2, 3, 29208299
What are the prime factors of 16886244?
2, 3, 1407187
What are the prime factors of 244925917?
659, 371663
What are the prime factors of 1286921748?
2, 3, 7, 29, 18217
List the prime factors of 6392021466.
2, 3, 43, 24775277
What are the prime factors of 4223357344?
2, 131979917
List the prime factors of 960636471.
3, 320212157
What are the prime factors of 262974546?
2, 3, 443, 10993
List the prime factors of 197981737.
197981737
What are the prime factors of 1003869799?
23, 43646513
What are the prime factors of 2835877?
11, 23, 1019
List the prime factors of 35911027.
23, 1561349
What are the prime factors of 183038086?
2, 7, 11, 1188559
List the prime factors of 604474002.
2, 3, 11, 339211
What are the prime factors of 887278243?
887278243
List the prime factors of 126771483.
3, 42257161
List the prime factors of 381725898.
2, 3, 29, 2193827
What are the prime factors of 35485942?
2, 71, 269, 929
List the prime factors of 2761369456.
2, 172585591
List the prime factors of 2126708476.
2, 531677119
List the prime factors of 5236114247.
7, 13, 337, 170741
List the prime factors of 447606466.
2, 107, 2091619
List the prime factors of 97923069.
3, 10880341
What are the prime factors of 1994950?
2, 5, 17, 2347
List the prime factors of 873434967.
3, 291144989
What are the prime factors of 764650522?
2, 382325261
What are the prime factors of 126858063?
3, 17, 2487413
List the prime factors of 406054282.
2, 17, 19, 23, 27329
What are the prime factors of 328149632?
2, 31, 82699
What are the prime factors of 18221234?
2, 9110617
What are the prime factors of 528114845?
5, 23, 4592303
What are the prime factors of 35429028?
2, 3, 59, 163, 307
List the prime factors of 1443318282.
2, 3, 7, 11454907
List the prime factors of 1635784860.
2, 3, 5, 19, 75521
What are the prime factors of 8869174?
2, 211, 21017
What are the prime factors of 65547587?
7, 19, 492839
List the prime factors of 86721227.
86721227
What are the prime factors of 4650895838?
2, 31, 75014449
What are the prime factors of 182073089?
11, 719, 23021
What are the prime factors of 3239095872?
2, 3, 139, 121369
List the prime factors of 2444385883.
307, 1493, 5333
List the prime factors of 3212230822.
2, 23813, 67447
List the prime factors of 727228081.
37, 463, 42451
What are the prime factors of 2467011205?
5, 19, 41, 633379
What are the prime factors of 3421544663?
149, 22963387
List the prime factors of 713182659.
3, 7, 37, 41, 61, 367
What are the prime factors of 152199214?
2, 8269, 9203
What are the prime factors of 1232446713?
3, 410815571
What are the prime factors of 818705044?
2, 204676261
What are the prime factors of 7108719?
3, 1201, 1973
List the prime factors of 2219675.
5, 19, 4673
What are the prime factors of 34415089?
17, 2024417
What are the prime factors of 616449942?
2, 3, 31, 1104749
List the prime factors of 18683948.
2, 31, 89, 1693
What are the prime factors of 34953194?
2, 127, 241, 571
List the prime factors of 6043728821.
13, 2269, 15761
List the prime factors of 2928638928.
2, 3, 1367, 44633
List the prime factors of 293193506.
2, 71, 101, 20443
What are the prime factors of 862980956?
2, 29, 41, 421, 431
What are the prime factors of 88270378?
2, 7, 89, 70843
What are the prime factors of 6260440158?
2, 3, 7, 16562011
What are the prime factors of 46986786?
2, 3, 7, 11, 29, 167
List the prime factors of 290365437.
3, 31, 89, 35081
List the prime factors of 84234770.
2, 5, 8423477
List the prime factors of 1787455219.
11, 162495929
What are the prime factors of 1019422071?
3, 37756373
What are the prime factors of 964515350?
2, 5, 23, 29, 28921
What are the prime factors of 2487114376?
2, 31, 1109, 9043
What are the prime factors of 124944039?
3, 11, 15581
List the prime factors of 265006487.
293, 904459
What are the prime factors of 39408923?
811, 48593
What are the prime factors of 960191357?
107, 8973751
List the prime factors of 1137118988.
2, 23, 677, 18257
List the prime factors of 175117146.
2, 3, 29186191
List the prime factors of 60732620.
2, 5, 13, 109, 2143
List the prime factors of 9977786.
2, 7, 13, 73, 751
What are the prime factors of 806113226?
2, 103, 3913171
List the prime factors of 17587537.
11, 17, 163, 577
What are the prime factors of 72428589?
3, 19, 423559
List the prime factors of 606398545.
5, 3469, 34961
What are the prime factors of 173485747?
281, 617387
What are the prime factors of 2605458600?
2, 3, 5, 19, 29, 37, 71
List the prime factors of 3540541070.
2, 5, 11, 2926067
List the prime factors of 9446406.
2, 3, 1574401
List the prime factors of 217336115.
5, 137, 317279
What are the prime factors of 3313954?
2, 7, 67, 3533
List the prime factors of 3793611.
3, 1264537
List the prime factors of 8534386.
2, 7, 609599
List the prime factors of 1529165869.
7, 11, 19859297
What are the prime factors of 4253576367?
3, 1417858789
What are the prime factors of 4631325098?
2, 1637, 1414577
List the prime factors of 126609459.
3, 101, 383, 1091
What are the prime factors of 268991599?
268991599
What are the prime factors of 6691662016?
2, 13, 8042863
List the prime factors of 109925509.
139, 790831
What are the prime factors of 696612893?
17, 40977229
What are the prime factors of 155410230?
2, 3, 5, 5180341
What are the prime factors of 3870870900?
2, 3, 5, 13, 53, 61, 307
List the prime factors of 5433671.
5433671
List the prime factors of 184490934.
2, 3, 30748489
List the prime factors of 871700245.
5, 13, 17, 788869
List the prime factors of 2005610612.
2, 41, 12229333
What are the prime factors of 6416474286?
2, 3, 29, 36876289
List the prime factors of 71933517.
3, 7992613
What are the prime factors of 114230742?
2, 3, 23, 83, 9973
What are the prime factors of 438302503?
1399, 313297
List the prime factors of 196381494.
2, 3, 2539, 4297
What are the prime factors of 823380497?
127, 6483311
What are the prime factors of 16867658?
2, 31, 272059
List the prime factors of 615808664.
2, 47, 61, 26849
What are the prime factors of 293483860?
2, 5, 373, 39341
List the prime factors of 1970606202.
2, 3, 29, 31, 365333
What are the prime factors of 10130524?
2, 443, 5717
What are the prime factors of 1919133758?
2, 959566879
List the prime factors of 4562589409.
7, 651798487
What are the prime factors of 1948005061?
17, 71, 967, 1669
What are the prime factors of 626800518?
2, 3, 1289713
List the prime factors of 41567549.
3331, 12479
What are the prime factors of 1832020473?
3, 47, 97, 133949
List the prime factors of 51865056.
2, 3, 60029
List the prime factors of 461189878.
2, 43, 1213, 4421
List the prime factors of 36731781.
3, 17, 101, 2377
List the prime factors of 573260159.
573260159
List the prime factors of 143576005.
5, 23, 61, 97, 211
What are the prime factors of 4776453391?
8291, 576101
What are the prime factors of 248160160?
2, 5, 1551001
List the prime factors of 30860638.
2, 15430319
What are the prime factors of 533754342?
2, 3, 11, 31, 86959
List the prime factors of 25813649.
89, 290041
What are the prime factors of 198709504?
2, 7, 31, 73
List the prime factors of 1195079534.
2, 11, 151, 359747
List the prime factors of 4613972336.
2, 288373271
List the prime factors of 5894221087.
29, 43, 4726721
List the prime factors of 47392344.
2, 3, 219409
List the prime factors of 3006371190.
2, 3, 5, 887, 112979
What are the prime factors of 51822469?
179, 289511
What are the prime factors of 190544902?
2, 1181, 80671
What are the prime factors of 3619057697?
29, 509, 245177
List the prime factors of 1621018.
2, 7, 17, 139
List the prime factors of 154841532.
2, 3, 12903461
List the prime factors of 238967039.
43, 563, 9871
List the prime factors of 145156213.
3541, 40993
What are the prime factors of 763808442?
2, 3, 31, 67, 61291
What are the prime fa